Calculate the highest common factor of 2176 and 10528.
32
Calculate the greatest common divisor of 80 and 6410.
10
Calculate the greatest common factor of 805 and 352135.
35
Calculate the greatest common factor of 2338 and 14.
14
What is the greatest common factor of 1757 and 7?
7
Calculate the greatest common divisor of 462744 and 54.
18
Calculate the greatest common divisor of 83494 and 2616.
218
What is the greatest common factor of 1395 and 7155?
45
What is the highest common divisor of 4130 and 2898?
14
Calculate the greatest common factor of 1592 and 13976.
8
What is the greatest common factor of 286 and 2197?
13
What is the highest common divisor of 1972544 and 5920?
1184
Calculate the highest common factor of 8739 and 774.
9
What is the highest common divisor of 10398 and 198?
6
What is the highest common factor of 13090 and 110?
110
Calculate the greatest common factor of 6060 and 40.
20
Calculate the highest common factor of 94815 and 344.
43
Calculate the greatest common divisor of 163350 and 66.
66
What is the greatest common factor of 23 and 1783627?
23
Calculate the greatest common factor of 31932 and 64751.
887
What is the highest common divisor of 32448 and 408?
24
Calculate the highest common divisor of 689214 and 51.
51
What is the highest common divisor of 4700 and 3275?
25
What is the greatest common factor of 15200 and 256?
32
Calculate the greatest common factor of 60995 and 803.
11
Calculate the highest common factor of 2961 and 756.
63
Calculate the greatest common factor of 22386 and 28126.
574
Calculate the greatest common factor of 20296 and 2408.
344
Calculate the greatest common factor of 6080 and 228.
76
What is the greatest common factor of 1215 and 10305?
45
What is the highest common divisor of 2149 and 3675?
7
Calculate the highest common divisor of 2783 and 57316.
23
Calculate the highest common factor of 207 and 3153.
3
What is the highest common divisor of 4 and 26074?
2
What is the greatest common factor of 12060 and 469?
67
Calculate the greatest common factor of 30140 and 430.
10
What is the greatest common divisor of 15930 and 75?
15
Calculate the highest common divisor of 199306 and 227.
227
Calculate the highest common divisor of 58008 and 40.
8
Calculate the greatest common factor of 8051 and 1552.
97
What is the greatest common divisor of 19 and 4189823?
19
Calculate the greatest common divisor of 72 and 64800.
72
What is the highest common divisor of 169 and 890357?
13
What is the greatest common divisor of 111399 and 82111?
523
What is the greatest common divisor of 195 and 4229485?
65
What is the highest common divisor of 14058 and 1386?
198
What is the greatest common divisor of 9816 and 336?
24
What is the greatest common divisor of 11198 and 398?
2
What is the highest common factor of 207824 and 40176?
496
Calculate the greatest common divisor of 58 and 738427.
29
Calculate the greatest common divisor of 338268 and 168.
84
Calculate the greatest common factor of 3480 and 1201296.
696
What is the highest common divisor of 5520 and 159735?
345
What is the greatest common factor of 5000094 and 18?
18
Calculate the highest common divisor of 110379 and 9.
3
What is the highest common divisor of 28 and 52619?
7
Calculate the highest common divisor of 155587 and 314.
157
What is the greatest common factor of 87256 and 520?
104
What is the greatest common factor of 302408 and 206?
206
What is the greatest common factor of 29615 and 1045?
5
Calculate the highest common divisor of 306 and 2346.
102
What is the highest common divisor of 8930 and 3230?
190
What is the highest common divisor of 1000991 and 1676?
419
What is the greatest common factor of 5830 and 30?
10
What is the highest common factor of 2395450 and 1150?
1150
Calculate the highest common divisor of 162 and 37231812.
162
What is the highest common divisor of 1080 and 68840?
40
Calculate the highest common factor of 11313 and 12.
3
What is the highest common factor of 4056 and 30082?
338
What is the greatest common divisor of 17 and 7607?
1
Calculate the highest common factor of 60416 and 649.
59
What is the greatest common divisor of 1136 and 464?
16
Calculate the highest common factor of 3491 and 7.
1
Calculate the greatest common factor of 14282 and 8106.
386
What is the highest common divisor of 133 and 2058?
7
Calculate the highest common factor of 311339 and 2212.
553
Calculate the greatest common divisor of 72 and 177832.
8
Calculate the greatest common factor of 40 and 990120.
40
What is the greatest common divisor of 25810 and 3045?
145
Calculate the highest common factor of 8449 and 20468.
119
What is the highest common factor of 15487 and 595?
17
What is the highest common factor of 366398 and 1670?
334
Calculate the greatest common factor of 613837 and 49.
7
Calculate the highest common divisor of 434 and 2852.
62
Calculate the highest common divisor of 54 and 28410.
6
Calculate the highest common divisor of 4127720 and 555.
185
Calculate the greatest common divisor of 68195 and 115.
115
Calculate the greatest common factor of 18 and 352629.
9
What is the highest common factor of 324163 and 14?
7
What is the highest common divisor of 377 and 5317?
13
Calculate the greatest common factor of 1675344 and 1584.
528
Calculate the highest common factor of 413 and 109563.
59
What is the highest common factor of 374 and 3400?
34
Calculate the greatest common divisor of 12864 and 528.
48
Calculate the greatest common divisor of 891 and 56771.
11
Calculate the highest common divisor of 7400 and 15688.
296
Calculate the greatest common divisor of 36 and 164826.
18
What is the highest common factor of 726 and 1?
1
What is the highest common divisor of 2751 and 826?
7
What is the greatest common factor of 16467 and 7722?
33
Calculate the greatest common factor of 197860 and 15860.
260
Calculate the highest common divisor of 13519 and 55.
11
What is the greatest common divisor of 1680 and 948780?
420
Calculate the greatest common divisor of 156676 and 96876.
1196
Calculate the highest common factor of 21056 and 81968.
752
Calculate the highest common divisor of 320 and 7.
1
Calculate the highest common divisor of 12012 and 5236.
308
Calculate the greatest common divisor of 51 and 3978.
51
What is the highest common factor of 1194750 and 9?
9
Calculate the highest common factor of 1798877 and 447.
149
Calculate the highest common divisor of 7579 and 21164.
143
Calculate the highest common divisor of 24300 and 810.
810
Calculate the highest common factor of 38249 and 713.
23
Calculate the greatest common divisor of 87794 and 658.
14
What is the highest common divisor of 148 and 172124?
148
What is the greatest common factor of 40 and 443272?
8
What is the greatest common divisor of 1088010 and 495?
495
What is the highest common factor of 293375 and 125?
125
What is the highest common divisor of 4161 and 8833?
73
Calculate the greatest common divisor of 708 and 79788.
12
What is the highest common factor of 324 and 324108?
108
What is the highest common divisor of 2005 and 13233?
401
Calculate the highest common divisor of 317 and 471379.
317
Calculate the greatest common divisor of 255393 and 1350.
27
What is the highest common factor of 9172 and 8?
4
What is the greatest common divisor of 7464 and 55440?
24
What is the highest common divisor of 112125 and 1500?
375
What is the greatest common divisor of 211484 and 13?
13
What is the highest common divisor of 43733 and 1732?
433
Calculate the greatest common divisor of 52484 and 92.
4
What is the highest common divisor of 144 and 22929?
3
What is the greatest common divisor of 27 and 26486325?
27
What is the highest common divisor of 3565 and 32315?
115
Calculate the greatest common factor of 141876 and 36.
36
Calculate the greatest common divisor of 308023 and 17.
17
Calculate the highest common factor of 65934 and 99.
99
Calculate the highest common divisor of 1004019 and 69.
69
What is the highest common divisor of 88409 and 2743?
211
What is the highest common factor of 213226 and 59?
59
What is the greatest common divisor of 53669 and 8041?
187
What is the highest common divisor of 924 and 510356?
308
Calculate the greatest common factor of 384 and 71952.
48
What is the greatest com